rime factors of 1078.
2, 7, 11
List the prime factors of 29574.
2, 3, 31, 53
What are the prime factors of 8214?
2, 3, 37
List the prime factors of 67568.
2, 41, 103
List the prime factors of 198.
2, 3, 11
What are the prime factors of 1124?
2, 281
List the prime factors of 2325.
3, 5, 31
List the prime factors of 1605.
3, 5, 107
What are the prime factors of 1664?
2, 13
What are the prime factors of 39667?
39667
List the prime factors of 17376.
2, 3, 181
List the prime factors of 372.
2, 3, 31
List the prime factors of 1187.
1187
What are the prime factors of 17075?
5, 683
List the prime factors of 12394.
2, 6197
List the prime factors of 115.
5, 23
What are the prime factors of 833?
7, 17
What are the prime factors of 507?
3, 13
List the prime factors of 7907.
7907
List the prime factors of 3521.
7, 503
List the prime factors of 183415.
5, 36683
What are the prime factors of 213?
3, 71
What are the prime factors of 4232?
2, 23
What are the prime factors of 39610?
2, 5, 17, 233
List the prime factors of 12140.
2, 5, 607
What are the prime factors of 1004?
2, 251
What are the prime factors of 5853?
3, 1951
List the prime factors of 55861.
13, 4297
List the prime factors of 1081.
23, 47
What are the prime factors of 149?
149
List the prime factors of 3244.
2, 811
What are the prime factors of 8708?
2, 7, 311
What are the prime factors of 1806?
2, 3, 7, 43
List the prime factors of 798.
2, 3, 7, 19
What are the prime factors of 559?
13, 43
What are the prime factors of 1730?
2, 5, 173
What are the prime factors of 15753?
3, 59, 89
What are the prime factors of 3530?
2, 5, 353
What are the prime factors of 65?
5, 13
What are the prime factors of 22290?
2, 3, 5, 743
What are the prime factors of 90743?
103, 881
List the prime factors of 56745.
3, 5, 13, 97
What are the prime factors of 271?
271
List the prime factors of 22106.
2, 7, 1579
List the prime factors of 1527.
3, 509
What are the prime factors of 4366?
2, 37, 59
What are the prime factors of 114486?
2, 3, 19081
What are the prime factors of 112657?
112657
List the prime factors of 68956.
2, 17239
List the prime factors of 9383.
11, 853
List the prime factors of 1138.
2, 569
What are the prime factors of 7368?
2, 3, 307
List the prime factors of 17877.
3, 59, 101
List the prime factors of 1372.
2, 7
List the prime factors of 1426.
2, 23, 31
What are the prime factors of 615?
3, 5, 41
What are the prime factors of 21978?
2, 3, 11, 37
List the prime factors of 1386.
2, 3, 7, 11
List the prime factors of 974.
2, 487
List the prime factors of 64201.
19, 31, 109
List the prime factors of 7089.
3, 17, 139
List the prime factors of 22533.
3, 7, 29, 37
List the prime factors of 8822.
2, 11, 401
What are the prime factors of 1507?
11, 137
What are the prime factors of 50694?
2, 3, 7, 17, 71
List the prime factors of 9138.
2, 3, 1523
What are the prime factors of 43560?
2, 3, 5, 11
What are the prime factors of 2144?
2, 67
What are the prime factors of 4748?
2, 1187
List the prime factors of 7790.
2, 5, 19, 41
What are the prime factors of 12385?
5, 2477
What are the prime factors of 63146?
2, 31573
List the prime factors of 20873.
20873
What are the prime factors of 121765?
5, 7, 71
What are the prime factors of 3244?
2, 811
List the prime factors of 9200.
2, 5, 23
What are the prime factors of 64132?
2, 16033
What are the prime factors of 139?
139
List the prime factors of 53188.
2, 13297
What are the prime factors of 13333?
67, 199
What are the prime factors of 1103?
1103
What are the prime factors of 860?
2, 5, 43
What are the prime factors of 358?
2, 179
List the prime factors of 1894.
2, 947
What are the prime factors of 2300?
2, 5, 23
What are the prime factors of 589?
19, 31
What are the prime factors of 1325?
5, 53
What are the prime factors of 60503?
17, 3559
List the prime factors of 1170.
2, 3, 5, 13
What are the prime factors of 19919?
19919
List the prime factors of 22911.
3, 7, 1091
List the prime factors of 2282.
2, 7, 163
What are the prime factors of 2798?
2, 1399
What are the prime factors of 72018?
2, 3, 4001
What are the prime factors of 363?
3, 11
List the prime factors of 60101.
60101
What are the prime factors of 2491?
47, 53
What are the prime factors of 52?
2, 13
List the prime factors of 8878.
2, 23, 193
What are the prime factors of 3985?
5, 797
What are the prime factors of 12733?
7, 17, 107
List the prime factors of 129539.
129539
List the prime factors of 49744.
2, 3109
What are the prime factors of 29007?
3, 11, 293
List the prime factors of 113007.
3, 139, 271
What are the prime factors of 68?
2, 17
List the prime factors of 23530.
2, 5, 13, 181
List the prime factors of 14999.
53, 283
List the prime factors of 19743.
3, 6581
List the prime factors of 18850.
2, 5, 13, 29
What are the prime factors of 18254?
2, 9127
List the prime factors of 2408.
2, 7, 43
What are the prime factors of 1474?
2, 11, 67
What are the prime factors of 26?
2, 13
What are the prime factors of 2377?
2377
List the prime factors of 1372.
2, 7
List the prime factors of 5773.
23, 251
List the prime factors of 5953.
5953
List the prime factors of 104164.
2, 26041
List the prime factors of 4630.
2, 5, 463
What are the prime factors of 990?
2, 3, 5, 11
What are the prime factors of 17478?
2, 3, 971
List the prime factors of 162.
2, 3
What are the prime factors of 365?
5, 73
List the prime factors of 53978.
2, 137, 197
What are the prime factors of 2159?
17, 127
What are the prime factors of 3741?
3, 29, 43
List the prime factors of 9618.
2, 3, 7, 229
List the prime factors of 1045.
5, 11, 19
What are the prime factors of 38399?
19, 43, 47
List the prime factors of 162103.
47, 3449
What are the prime factors of 45619?
7, 19
What are the prime factors of 10809?
3, 1201
What are the prime factors of 653?
653
List the prime factors of 366.
2, 3, 61
List the prime factors of 1684.
2, 421
List the prime factors of 164564.
2, 41141
What are the prime factors of 6137?
17, 19
List the prime factors of 2544.
2, 3, 53
List the prime factors of 906.
2, 3, 151
List the prime factors of 22452.
2, 3, 1871
What are the prime factors of 3158?
2, 1579
What are the prime factors of 123?
3, 41
List the prime factors of 29802.
2, 3, 4967
What are the prime factors of 5788?
2, 1447
List the prime factors of 90374.
2, 73, 619
What are the prime factors of 329?
7, 47
What are the prime factors of 44776?
2, 29, 193
List the prime factors of 3406.
2, 13, 131
List the prime factors of 4839.
3, 1613
What are the prime factors of 468?
2, 3, 13
What are the prime factors of 3766?
2, 7, 269
List the prime factors of 26864.
2, 23, 73
What are the prime factors of 6341?
17, 373
List the prime factors of 16957.
31, 547
List the prime factors of 940.
2, 5, 47
List the prime factors of 92419.
92419
List the prime factors of 28947.
3, 9649
List the prime factors of 1243.
11, 113
What are the prime factors of 1187?
1187
List the prime factors of 9921.
3, 3307
List the prime factors of 8828.
2, 2207
List the prime factors of 223.
223
What are the prime factors of 4062?
2, 3, 677
What are the prime factors of 842?
2, 421
What are the prime factors of 13609?
31, 439
What are the prime factors of 9974?
2, 4987
What are the prime factors of 692?
2, 173
List the prime factors of 691.
691
List the prime factors of 17776.
2, 11, 101
What are the prime factors of 5693?
5693
What are the prime factors of 51172?
2, 11, 1163
What are the prime factors of 2528?
2, 79
What are the prime factors of 2194?
2, 1097
What are the prime factors of 77388?
2, 3, 6449
List the prime factors of 80971.
11, 17, 433
What are the prime factors of 13556?
2, 3389
List the prime factors of 9568.
2, 13, 23
List the prime factors of 1886.
2, 23, 41
What are the prime factors of 23301?
3, 863
What are the prime factors of 53555?
5, 10711
List the prime factors of 1452.
2, 3, 11
What are the prime factors of 36691?
36691
List the prime factors of 48223.
7, 83
What are the prime factors of 13014?
2, 3, 241
List the prime factors of 2593.
2593
List the prime factors of 43989.
3, 11, 31, 43
List the prime factors of 3149.
47, 67
What are the prime factors of 596?
2, 149
List the prime factors of 16953.
3, 5651
List the prime factors of 2158.
2, 13, 83
What are the prim